9. What is t(-7)?
26
Let j(u) = 9*u**2 - 8. Give j(0).
-8
Let l(n) = -n**3 + 18*n**2 + 19*n - 2. Give l(19).
-2
Let t(h) = -h**3 - 19*h**2 + h + 21. Give t(-19).
2
Let x(b) = b + 4. Determine x(-6).
-2
Let b(u) = u**2 - 23*u - 6. Give b(23).
-6
Let i(t) = 3*t**3 + 2*t**2 - 8*t - 6. Calculate i(-3).
-45
Let z(j) = -3*j**2 - 12*j + 6. Give z(3).
-57
Let g(c) = c**3 - 5*c**2 - c - 2. What is g(4)?
-22
Let r(m) = m**3 + 5*m**2 - 16*m - 7. Give r(-7).
7
Let y(h) = 14*h - 6. Give y(1).
8
Let v(n) = n**3 - 3*n**2 + 5*n - 3. Give v(4).
33
Let f(l) = 4*l**2 - 23*l - 12. Determine f(6).
-6
Let q(v) = 2*v**2 - 15*v + 5. Calculate q(5).
-20
Let z(y) = -y - 8. Determine z(-5).
-3
Let n(u) = u**3 + 34*u**2 - 151*u + 36. What is n(-38)?
-2
Let d(o) = o**3 - 3*o**2 - 5*o - 33. Calculate d(5).
-8
Let a(v) = -v**3 + v**2 + v - 29. What is a(0)?
-29
Let j(w) = -2*w + 9. What is j(0)?
9
Let x(f) = f**2 - 25*f + 54. Determine x(17).
-82
Let w(f) = -3*f + 15. Calculate w(-12).
51
Let m(k) = 7*k - 14. Give m(8).
42
Let p(s) = s**3 + 14*s**2 - 11*s - 25. What is p(-15)?
-85
Let c(x) = 5*x - 245. Give c(43).
-30
Let s(v) = v**3 + 27*v**2 - 49*v + 260. Give s(-29).
-1
Let h(c) = -c**3 + 10*c**2 - 23*c + 7. Calculate h(7).
-7
Let o(g) = g**3 + 10*g**2 + 8*g + 7. Calculate o(-9).
16
Let y(q) = 2*q - 10. What is y(3)?
-4
Let h(f) = f**3 - 5*f**2 + 4*f + 7. What is h(5)?
27
Let y(p) = -p + 10. Give y(11).
-1
Let n(v) = v**2 - 9*v + 12. What is n(8)?
4
Let v(o) = 3*o - 13. Give v(10).
17
Let r(q) = 12*q + 8. Calculate r(-6).
-64
Let z(d) = -d**3 - 7*d**2 + 14*d - 46. Determine z(-9).
-10
Let x(l) = -l**3 + 6*l**2 + 4*l - 5. Determine x(7).
-26
Let v(x) = -3*x - 39. What is v(-15)?
6
Let i(r) = -r**2 - 3*r + 16. Give i(-5).
6
Let m(l) = 12*l + 21. What is m(-1)?
9
Let k(o) = -2*o**3 - 6*o**2 + 6*o + 1. Determine k(-4).
9
Let j(d) = -25*d - 1. Determine j(-2).
49
Let o(z) = -37*z - 362. Give o(-10).
8
Let h(v) = -v**2 + 3*v + 61. Calculate h(0).
61
Let z(m) = m. What is z(4)?
4
Let x(n) = -2*n - 53. Give x(-27).
1
Let n(a) = -3*a - 9. Determine n(-4).
3
Let c(d) = d**2 - 15*d - 32. Give c(10).
-82
Let z(l) = l**2 + 13*l + 10. What is z(-12)?
-2
Let g(u) = 2*u**3 + 42*u**2 - 8*u - 175. What is g(-21)?
-7
Let c(n) = -2*n**3 - 4*n**2 - 3*n + 2. Determine c(-2).
8
Let d(f) = f - 20. What is d(22)?
2
Let w(d) = 3*d**2 + 7*d - 11. Calculate w(0).
-11
Let y(v) = 10*v + 52. What is y(-5)?
2
Let d(z) = z**2 + 2*z + 1. What is d(0)?
1
Let y(r) = -20*r - 193. Give y(-10).
7
Let i(x) = 10*x + 62. Give i(-7).
-8
Let m(z) = -z**3 + 9*z**2 - 18*z + 21. What is m(7)?
-7
Let s(f) = 47*f + 402. Determine s(-9).
-21
Let i(v) = -3*v - 25. Calculate i(-8).
-1
Let f(p) = -2*p**3 - 8*p**2 - 4*p - 7. Calculate f(-4).
9
Let i(u) = u**2 - 17*u + 27. Calculate i(13).
-25
Let s(q) = 3*q - 4. Give s(6).
14
Let y(x) = x**2 + 5*x - 16. Calculate y(-7).
-2
Let b(g) = -g**2 - 2*g + 3. What is b(-8)?
-45
Let t(r) = r + 11. Calculate t(-13).
-2
Let v(d) = 49*d - 19. Calculate v(-2).
-117
Let q(b) = 2*b**2 - 22*b + 15. What is q(14)?
99
Let b(f) = f**3 + 9*f**2 + 10*f + 3. Determine b(-7).
31
Let w(k) = k**3 + 31*k**2 + 2*k + 60. What is w(-31)?
-2
Let c(i) = i**2 + 16*i + 53. Give c(-12).
5
Let s(t) = -2*t - 33. What is s(-15)?
-3
Let a(b) = -3*b - 11. Calculate a(0).
-11
Let b(k) = -2*k**3 + 11*k**2 - 6*k + 17. Calculate b(5).
12
Let w(r) = -7*r**2 + 52*r - 26. Calculate w(7).
-5
Let n(r) = -r**3 - 2*r**2 - 3*r + 6. Determine n(-4).
50
Let t(h) = h**2 + 14*h - 1. What is t(-16)?
31
Let d(l) = -l**2 - 17*l - 29. Give d(-14).
13
Let y(d) = -3*d - 7. Calculate y(-2).
-1
Let s(q) = -q + 4. What is s(18)?
-14
Let n(f) = f**3 - 23*f**2 + 112*f - 2. Calculate n(7).
-2
Let c(w) = -9*w. Determine c(3).
-27
Let l(i) = -9*i**2 + 6*i - 2. Determine l(2).
-26
Let x(l) = 16*l - 1. Give x(-2).
-33
Let d(l) = l**2 - 47*l - 6. Calculate d(47).
-6
Let w(z) = 4*z - 59. Give w(15).
1
Let r(c) = c**2 - 2*c - 37. Calculate r(-6).
11
Let p(s) = 7*s - 4. Give p(3).
17
Let x(y) = y**3 - 8*y**2 + 7*y + 53. Determine x(6).
23
Let r(u) = -u - 2. Give r(5).
-7
Let i(v) = v**3 + 7*v**2 - 9*v - 10. Give i(-8).
-2
Let h(q) = q**2 - 45*q + 240. Calculate h(39).
6
Let p(g) = 9*g + 39. Determine p(-5).
-6
Let v(t) = -t**3 - 4*t**2 - 4*t + 3. Determine v(-2).
3
Let m(f) = 5*f + 52. What is m(-6)?
22
Let u(m) = -2*m + 46. Determine u(19).
8
Let a(u) = 2*u**3 - u**2 - 1. Give a(2).
11
Let v(u) = -7*u - 5. What is v(-3)?
16
Let w(a) = 3*a + 4. Give w(11).
37
Let c(w) = -2*w**2 - 4*w - 4. Give c(-2).
-4
Let g(i) = 8*i. What is g(2)?
16
Let p(y) = -y**2 + 5*y - 24. Calculate p(6).
-30
Let h(t) = -2*t - 1. Determine h(-4).
7
Let r(o) = o. What is r(-1)?
-1
Let h(x) = x**2 + 4*x - 21. Determine h(-6).
-9
Let t(z) = z**2 - 9*z + 11. Give t(3).
-7
Let r(k) = 5*k**2 - 2*k - 12. Determine r(0).
-12
Let r(w) = -w**3 + 15*w**2 - 14*w - 1. Calculate r(14).
-1
Let f(i) = -i**3 + 11*i**2 - 10*i - 5. What is f(10)?
-5
Let m(i) = -180*i + 3062. Determine m(17).
2
Let l(w) = -w + 5. Determine l(15).
-10
Let w(r) = -r**3 - 22*r**2 - 26*r - 2. Calculate w(-21).
103
Let w(x) = -x**3 - 23*x**2 - 21*x + 16. Calculate w(-22).
-6
Let d(k) = k**3 + 14*k**2 + 52*k - 6. What is d(-7)?
-27
Let h(p) = -p**3 + 31*p**2 + 28*p + 134. Calculate h(32).
6
Let v(b) = b**2 - 23*b + 22. What is v(22)?
0
Let g(h) = 12*h + 4. What is g(0)?
4
Let h(c) = -6*c + 13. Calculate h(6).
-23
Let d(t) = 20*t + 123. What is d(-6)?
3
Let c(q) = q**2 + q - 8. Calculate c(-4).
4
Let m(z) = 5*z - 13. Calculate m(-2).
-23
Let r(j) = -j**3 - 12*j**2 + j - 17. Determine r(-12).
-29
Let u(q) = 8*q - 42. Determine u(8).
22
Let p(w) = -w**3 + 5*w**2 + 19*w - 26. What is p(7)?
9
Let b(h) = 2*h**2 + 4*h - 5. What is b(-5)?
25
Let f(c) = 13*c - 35. Give f(3).
4
Let w(x) = -4*x + 2. Calculate w(-5).
22
Let u(c) = 4*c - 4. Give u(-2).
-12
Let g(k) = -14*k - 601. Calculate g(-43).
1
Let n(p) = -2*p**3 + 5*p + 2. Determine n(3).
-37
Let m(w) = 3*w**2 + 14*w + 10. Determine m(-7).
59
Let o(h) = 75*h**3 + 2*h**2. Give o(-1).
-73
Let k(m) = -m**3 - 2*m**2 - m + 9. Calculate k(-2).
11
Let z(x) = x**3 + 3*x**2 - 10*x - 8. What is z(-6)?
-56
Let k(y) = 17*y + 21. What is k(-1)?
4
Let p(m) = -42*m - 418. Give p(-10).
2
Let w(x) = x**2 - 31*x - 12. What is w(33)?
54
Let q(l) = l**3 - 7*l**2 + 3*l + 6. Give q(6).
-12
Let j(u) = u**3 + 4*u**2 + 8. Give j(-4).
8
Let m(i) = -3*i - 85. Determine m(-31).
8
Let a(o) = 8*o - 52. Calculate a(5).
-12
Let x(k) = 16*k**2 + k. Determine x(1).
17
Let c(w) = -31*w - 183. Determine c(-6).
3
Let r(a) = a**2 + 21*a - 16. Determine r(-22).
6
Let w(h) = 25*h**2 + h. What is w(1)?
26
Let c(t) = -3*t + 45. Calculate c(17).
-6
Let y(j) = j**2 - 17*j + 1. Give y(4).
-51
Let z(j) = 2*j - 27. What is z(14)?
1
Let g(f) = -f**3 - 3*f**2 - 10*f - 9. Calculate g(-6).
159
Let x(q) = -q**3 - 11*q**2 + 8. Calculate x(-11).
8
Let l(t) = 4*t - 31. Give l(8).
1
Let v(p) = -7*p + 4. Calculate v(-2).
18
Let m(a) = -2*a**3 - 21*a**2 - 27*a - 9. Determine m(-9).
-9
Let s(d) = 8*d + 6. Calculate s(3).
30
Let o(f) = f**2 - 4*f + 9. Give o(4).
9
Let f(j) = 5*j**3 + j**2. Determine f(-2).
-36
Let h(g) = g**3 + 2*g**2 - 3*g - 4. Calculate h(-3).
-4
Let n(s) = -s**3 + 9*s**2 + 9*s - 5. Determine n(6).
157
Let l(r) = -27*r + 335. Determine l(12).
11
Let t(q) = -q**2 - 6*q + 11. Determine t(-5).
16
Let j(v) = 14*v**2 - 14*v. What is j(1)?
0
Let s(b) = 6*b - 23. What is s(5)?
7
Let b(p) = p**3 - 10*p**2 - 12*p + 1. Calculate b(11).
-10
Let f(z) = -z**2 - 3*z - 7. Calculate f(-5).
-17
Let h(z) = -z**2 - 7*z + 27. Give h(-11).
-17
Let k(x) = 3*x - 22. Determine k(10).
8
Let a(b) = 5*b**2 - 30*b. Determine a(6).
0
Let c(k) = -20*k + 13. Give c(1).
-7
Let l(h) = -h**2 - 12*h + 15. Calculate l(8).
-145
Let h(b) = -b**3 - 2*b**2 + 2*b - 1. Determine h(1).
-2
Let c(b) = b**3 - 15*b**2 + 10*b + 11. Determine c(14).
-45
Let y(k) = -2*k**2 + k - 2. Determine y(0).
-2
Let r(a) = 32*a**2 + 2*a + 1. Determine r(-1).
31
Let k(y) = -y**3 - 6*y**2 - 19*y - 85. Determine k(-5).
-15
Let t(l) = l**2 + 5*l - 9. Give t(-7).
5
Let g(v) = -v**3 - 32*v**2 - 58*v + 62. Give g(-30).
2
Let c(w) = -2*w - 6. Determine c(-3).
0
Let v(b) = -b**3 - 21*b**2 + 44*b - 44. Give v(-23).
2
Let j(v) = v**3 + 5*v**2 + 5*v + 1. What is j(-4)?
-3
Let g(l)